7. List the prime factors of t.
3, 7
Let m = -1 + 7. Suppose -15 - 3 = -m*o. Suppose -4*b + 5 = -o. List the prime factors of b.
2
Suppose -4*a = -129 - 31. Let s(b) = -b**3 + 7*b**2 + 2. Let r be s(7). Suppose -7*q + r*q = -a. List the prime factors of q.
2
Suppose 7*y - 6*y = 2*i + 1174, 5*i - 2339 = -2*y. What are the prime factors of y?
2, 293
Let o(g) = 2*g**2 - 3*g + 3. Let w be o(-4). Suppose -42*a - 820 = -w*a. What are the prime factors of a?
2, 41
List the prime factors of 1932/(-10 - 230/(-20)).
2, 7, 23
Let j = 1 - 1. Let t = j + 3. Suppose 3*h + 15 = -r + t*r, h = -3*r + 17. List the prime factors of r.
2, 3
Let f be (448/(-70))/(4/(-10)). Suppose -20*g = -f*g - 332. What are the prime factors of g?
83
Let f = -62 + 60. List the prime factors of 39/(f + 44/20).
3, 5, 13
Let u = -15 + 450. What are the prime factors of u?
3, 5, 29
Suppose 3*j = 0, -2*c = 2*c + 5*j - 104. Suppose 2*h + c = 5*u - 104, -4*u - 2*h + 104 = 0. What are the prime factors of u?
2, 13
Suppose 1 + 3 = 4*j. Let a be 2/1 + j - 0. Suppose -3*d + 4*w + 22 = -0*d, -37 = -a*d + w. List the prime factors of d.
2, 7
Suppose 0 = -2*i - 2*y + 2764 - 824, 2*i - 1952 = 2*y. Suppose 2*q + q - 3*g = 726, -4*q + 3*g + i = 0. List the prime factors of q.
13, 19
Let j = -453 - -1093. List the prime factors of j.
2, 5
Suppose 2715 = 14*k - 4089. List the prime factors of k.
2, 3
Let l(q) = 41*q**2 + 15*q - 45. List the prime factors of l(4).
11, 61
Suppose -3*l + 1024 = 4*x - 396, -3*x = 5*l - 1054. What are the prime factors of x?
2, 179
Let r be (-1*20)/(-10 - -8). Suppose r*x - 1251 - 209 = 0. List the prime factors of x.
2, 73
Suppose 0 = -5*l + z + 1, 4*l = 5*z + 1 + 4. Suppose 2*k - 18 - 30 = l. List the prime factors of k.
2, 3
What are the prime factors of 25/((-125)/(-6780)) - 8?
2, 337
Let w(v) = -4*v**2 - 6*v + 15. Let p(o) = -11*o**2 - 18*o + 45. Let j(m) = 6*p(m) - 17*w(m). List the prime factors of j(11).
191
Let l = 619 + 5844. List the prime factors of l.
23, 281
Let j(n) = n**2 + 4*n. Let i(a) = -5*a + 1. Let d be i(1). Let w be j(d). Suppose 7 - 2 = m, 5*c - 3*m - 95 = w. What are the prime factors of c?
2, 11
Suppose 0 = -5*d - 24 - 11. Let u = 53 + d. What are the prime factors of u?
2, 23
Suppose 0 = 2*o - 82 + 64. Suppose 544 = o*f - 5*f. List the prime factors of f.
2, 17
Let t(s) = -5*s - 36. What are the prime factors of t(-23)?
79
Let o(x) = x**3 - 12*x**2 - 37*x + 66. What are the prime factors of o(15)?
2, 3, 31
Let n(h) = 75*h - 186. List the prime factors of n(11).
3, 71
What are the prime factors of (-2390)/(-2) - (4 + 0 - 3)?
2, 3, 199
Suppose -1271 = -2*i - 3*r, -i + 5*r = i - 1295. List the prime factors of i.
2, 5
Let y(f) = 2*f**2 - 28*f + 13 - 6 - 3 - 5. What are the prime factors of y(19)?
3, 7
Suppose -18*p = -4*p - 70. Suppose 5*b - 470 - 510 = p*v, -2*b + 5*v + 380 = 0. List the prime factors of b.
2, 5
Let q(o) = 17*o**2 - 46*o - 437. What are the prime factors of q(-11)?
2, 1063
Suppose 469 + 571 = 10*k. Let v = -82 + k. List the prime factors of v.
2, 11
Let s(m) = m**2 + 18*m + 23. Let b be s(-17). Suppose p + 565 = b*p. What are the prime factors of p?
113
Suppose -181 = -2*g + 351. List the prime factors of g.
2, 7, 19
Let t(p) be the first derivative of 2*p**3/3 - 7*p**2/2 + p - 1. Let c = -22 - -27. List the prime factors of t(c).
2
Let z(u) = 181*u**2 - 6*u - 8. List the prime factors of z(-2).
2, 7, 13
Let r(b) = -4*b + 6. Let w(y) = 5*y - 6. Let a(i) = -6*r(i) - 5*w(i). Let l be a(-5). List the prime factors of -3 + -11*(l - 1).
19
Let r = 116 + 6. Let z = r - -75. What are the prime factors of z?
197
Let o(r) = -r**3 - 9*r**2 + r + 11. Let h be o(-9). Suppose -60 = -3*y - y. Suppose 3*f + 2*k + y = 93, -h*f = -4*k - 68. List the prime factors of f.
2, 7
Suppose 0 = -6*b - 0*b - 36. Let t = 2 - b. What are the prime factors of t?
2
Let s(y) = -y**3 + 6*y**2 + 10*y - 1. Let q be 1 + (3 - (-3 + 6)). Suppose -20 = -3*c + q. List the prime factors of s(c).
2, 5
Let u(s) = -s**2 + 6*s - 9. Let h be u(3). Suppose 432 = 3*z + 3*c, -5*z + 700 = -h*z - 5*c. What are the prime factors of z?
2, 71
Let t(z) = 697*z**2 - z - 8. List the prime factors of t(2).
2, 3, 463
Let f(l) = -l**2 + l + 3. Let h be f(2). List the prime factors of (-50)/(-1) + h + -5.
2, 23
Let o(i) = -i**2 - 28*i - 5. What are the prime factors of o(-6)?
127
Suppose -3792 = -16*i - 8*i. What are the prime factors of i?
2, 79
Suppose 0 = -45*l + 37*l + 9152. What are the prime factors of l?
2, 11, 13
Let j = 434 + 663. List the prime factors of j.
1097
Suppose 6*p - 202 - 80 = 0. List the prime factors of p - (4 + 0/1).
43
Suppose 0 = -2*m - 4 + 12. Let z be 19/m - (-8)/32. Suppose 110 = z*b + 35. List the prime factors of b.
3, 5
Let u(z) = 4*z - 4. Let n(q) = q + 8. Let d be n(5). List the prime factors of u(d).
2, 3
Suppose 0*s - 809 = 3*s - 4*u, 2*u = -s - 253. Let k = s - -451. What are the prime factors of k?
2, 47
Let j = -105 + 211. List the prime factors of j.
2, 53
Let c be 12*(-4)/48*-4. Suppose 4*d + 4*r = 4, -c*r = 6 + 2. Suppose -2*v + 20 = d*v. What are the prime factors of v?
2
Suppose -3*m + 790 + 3758 = 0. What are the prime factors of m?
2, 379
Let j(d) = -6*d - 15. Suppose -4*f = -4*h + 28, -2*f - 3*h - 12 + 3 = 0. Let k be j(f). What are the prime factors of (-2)/(-3) - (-133)/k?
7
Let l(d) = -5*d**2 + d**3 - 12*d**2 + d + 11*d**2. Suppose 3*k + f - 21 = 0, -5*k + 4*f + 18 = -0*k. List the prime factors of l(k).
2, 3
Let r(n) = -n**2 - 4*n - 6. Suppose -9*j + 25 = -14*j. Let a be r(j). List the prime factors of (-4 + a)*12/(-9).
2, 5
Suppose -56 = 2*f - 4*f. What are the prime factors of (f - 7)/((-2)/(-6))?
3, 7
Let p be ((-372)/(-14))/(1/504). What are the prime factors of 1/11 + p/66?
7, 29
List the prime factors of ((-1310)/20)/((-2)/8).
2, 131
Let i(r) = 2378*r + 191. What are the prime factors of i(2)?
3, 17, 97
Suppose 9*h = -18311 + 43277. List the prime factors of h.
2, 19, 73
Suppose 2*u + 9 = 5*u. Suppose u*m = m + 38. Let n = m - -15. What are the prime factors of n?
2, 17
Suppose 43 = r + 15. Suppose -2*i = 5*d - r - 72, -5*d - 320 = -5*i. List the prime factors of i.
2, 3, 5
Let r(k) = -k**2 - 8*k - 9. Let t be r(-6). Suppose t*b - 4*b + 50 = 0. Suppose -3*u + 3*n = 2*n - 52, 0 = -3*u + 2*n + b. List the prime factors of u.
2, 3
Suppose 31*q = 29*q + 100. Let d = 173 - q. What are the prime factors of d?
3, 41
Let t(d) be the first derivative of 40*d + 0*d**3 + 4 + 1/4*d**4 + 1/2*d**2. List the prime factors of t(0).
2, 5
Let p(z) = -118*z - 938. List the prime factors of p(-25).
2, 503
Let k be (-386)/(-8) - (-11)/(-44). Suppose k = 12*x - 4*x. List the prime factors of x.
2, 3
Let p(l) = -l. Let m(i) = -1. Let u(g) = -15*g + 7. Let k(z) = 3*m(z) + u(z). Let r(t) = k(t) - 2*p(t). List the prime factors of r(-2).
2, 3, 5
Let r be (-30)/(1/(4/6)). Let x = 22 + r. Suppose 0 = -x*i + 5*i - 114. What are the prime factors of i?
2, 19
Let k(b) = 3*b**2 + 22*b + 63. List the prime factors of k(10).
11, 53
Let n = -98 + 305. Let d = n - 61. List the prime factors of d.
2, 73
Let u be 10/4*(-898)/(-5). Suppose 0*z + 4*z = -b + u, -3*z - 2*b = -333. List the prime factors of z.
113
Let v = 910 + -325. List the prime factors of v.
3, 5, 13
Let n(w) = -w**3 - 2*w**2 + 3*w - 2. Let j be n(-3). What are the prime factors of 2/(-6)*2*(j - 283)?
2, 5, 19
Let p(j) be the third derivative of j**6/120 + j**5/10 + 5*j**4/24 - j**3/6 - 5*j**2. Let o be p(-5). List the prime factors of (9/2)/(o/(-4)).
2, 3
Let o(m) = 13*m**2 + 14*m - 60. What are the prime factors of o(6)?
2, 3, 41
Let t = 24 + -23. List the prime factors of (0 + t)*(-8 + 45).
37
What are the prime factors of (-2227)/(-5) + 511/(-365)?
2, 3, 37
Suppose -4*r + 7*r = -5*j + 607, 616 = 3*r - 4*j. List the prime factors of r.
2, 3, 17
Suppose -x = -1 - 2, -a + 77 = 2*x. List the prime factors of a.
71
Let s = 183 + 557. What are the prime factors of s?
2, 5, 37
Suppose 554 = 3*p - x - 124, -5*p + 4*x + 1137 = 0. List the prime factors of p.
3, 5
Let a be 0 - 3 - (-96)/12. Suppose -2*m + 0*l + l + 2 = 0, 0 = 4*m + a*l - 32. What are the prime factors of m?
3
Let v(x) = -6*x - x**2 - 3*x**2 + 6*x**2 + 4. List the prime factors of v(7).
2, 3, 5
Let x = -639 + 917. List the prime factors o